20022
Convert -553 (base 7) to base 5.
-2113
Convert 2019 (base 10) to base 16.
7e3
-11101100 (base 3) to base 7
-12213
1419 (base 11) to base 7
5231
-464 (base 10) to base 11
-392
-66641 (base 8) to base 12
-142a9
26535 (base 9) to base 12
a465
12010100 (base 3) to base 2
111010010111
Convert 45663 (base 10) to base 9.
68566
-59 (base 12) to base 16
-45
What is 3541 (base 7) in base 2?
10100010111
Convert -2026 (base 7) to base 6.
-3134
What is -20 (base 10) in base 7?
-26
Convert 468 (base 9) to base 11.
321
-464b (base 13) to base 7
-40522
-66103 (base 9) to base 8
-125460
Convert 31340 (base 5) to base 7.
6052
-9b94 (base 12) to base 7
-101200
Convert 81 (base 13) to base 8.
151
What is 124322 (base 5) in base 8?
11542
Convert -856 (base 12) to base 6.
-5350
-1963 (base 11) to base 4
-212321
What is -102 (base 6) in base 2?
-100110
Convert 16 (base 9) to base 3.
120
What is 6a48 (base 13) in base 16?
3a54
What is -344 (base 8) in base 12?
-170
Convert -b95 (base 14) to base 9.
-3121
Convert -498 (base 11) to base 9.
-726
What is -3cb (base 13) in base 12?
-482
What is -78b (base 14) in base 2?
-10111010111
What is 1a3 (base 16) in base 4?
12203
Convert -10074 (base 8) to base 3.
-12200221
What is -1e4 (base 16) in base 13?
-2b3
1001011 (base 2) to base 14
55
Convert -1466 (base 9) to base 10.
-1113
Convert -99 (base 10) to base 3.
-10200
What is 101320 (base 5) in base 10?
3335
284 (base 16) to base 15
2ce
-674 (base 8) to base 7
-1203
-83bc (base 14) to base 2
-101100010110010
What is 31524 (base 6) in base 9?
5807
-538 (base 16) to base 2
-10100111000
-180 (base 15) to base 10
-345
What is -3ba1 (base 16) in base 12?
-8a01
-22415 (base 6) to base 9
-4322
What is 12627 (base 12) in base 2?
110000111111111
Convert 30366 (base 7) to base 3.
101011000
-3db (base 14) to base 11
-650
6133 (base 13) to base 2
11010001010001
Convert 320 (base 7) to base 2.
10100001
What is 232110 (base 6) in base 9?
30276
What is -343 (base 8) in base 15?
-102
2194 (base 11) to base 14
10a2
220221202 (base 3) to base 13
8384
1410013 (base 5) to base 2
111000001010110
What is -19524 (base 10) in base 12?
-b370
-95 (base 15) to base 3
-12012
2621 (base 7) to base 2
1111100011
What is -330b (base 13) in base 12?
-4145
Convert -433 (base 6) to base 7.
-324
Convert -222210 (base 3) to base 8.
-1323
What is -8766 (base 12) in base 16?
-3a3e
Convert 18a (base 14) to base 12.
226
Convert 3302 (base 4) to base 11.
200
-7765 (base 9) to base 16
-1661
-cb4 (base 13) to base 15
-9a0
-110201202 (base 3) to base 2
-10010001000001
15303 (base 9) to base 15
316c
What is 4354 (base 8) in base 4?
203230
1110200 (base 3) to base 5
13241
-4cab (base 14) to base 16
-34a7
What is -276 (base 8) in base 15?
-ca
Convert -627d (base 14) to base 10.
-16967
Convert 194 (base 13) to base 6.
1202
Convert -10010111011000 (base 2) to base 16.
-25d8
5b5 (base 13) to base 9
1323
8603 (base 15) to base 14
a493
What is 3300210 (base 4) in base 11?
10627
What is -3704 (base 9) in base 12?
-171a
-25400 (base 6) to base 14
-1568
Convert a960 (base 11) to base 12.
8455
What is 3c79 (base 14) in base 7?
43112
What is 10234 (base 5) in base 9?
851
Convert -3221102 (base 4) to base 8.
-35122
-4d6 (base 14) to base 7
-2556
Convert 111011000 (base 2) to base 8.
730
517 (base 16) to base 10
1303
523 (base 11) to base 9
770
-1434 (base 8) to base 11
-664
What is 485 (base 11) in base 10?
577
12362 (base 7) to base 5
101103
-b69 (base 12) to base 4
-122001
Convert 1010100010 (base 2) to base 15.
2ee
Convert -420 (base 14) to base 2.
-1100101100
What is -20925 (base 10) in base 2?
-101000110111101
What is -2076 (base 12) in base 7?
-13224
11110110100100 (base 2) to base 16
3da4
What is 13b (base 12) in base 5?
1231
4340 (base 10) to base 7
15440
22022101 (base 3) to base 5
143213
333 (base 11) to base 2
110001111
-11245 (base 6) to base 16
-64d
22532 (base 7) to base 8
13174
What is -11101111100 (base 2) in base 6?
-12512
211010 (base 3) to base 8
1125
What is -210012 (base 3) in base 15?
-282
What is -90b (base 12) in base 2?
-10100011011
What is a86b (base 12) in base 10?
18515
Convert -3280 (base 10) to base 7.
-12364
282 (base 13) to base 5
3234
What is 48633 (base 10) in base 8?
136771
Convert 1725 (base 9) to base 4.
110213
Convert -125142 (base 6) to base 8.
-26366
Convert 1104 (base 12) to base 13.
b14
124 (base 16) to base 2
100100100
What is -144 (base 8) in base 5?
-400
What is 284 (base 9) in base 13?
154
What is -342 (base 10) in base 2?
-101010110
100033 (base 5) to base 7
12110
What is 358 (base 10) in base 6?
1354
Convert -6d6 (base 15) to base 6.
-11103
What is 11b (base 12) in base 15?
b2
What is 14202 (base 5) in base 6?
5241
-301230 (base 4) to base 13
-15a8
Convert -40433 (base 7) to base 2.
-10011001100000
Convert 11011010 (base 2) to base 13.
13a
175b (base 12) to base 9
3758
Convert 9870 (base 11) to base 12.
7654
-366 (base 12) to base 14
-286
-221021 (base 3) to base 15
-307
What is -3a3d (base 14) in base 6?
-115235
-524 (base 14) to base 11
-840
Convert -11101001101 (base 2) to base 12.
-10b9
a68c (base 14) to base 9
43373
Convert 12443 (base 7) to base 5.
101224
306 (base 13) to base 14
289
Convert 6da8 (base 14) to base 2.
100101011011000
-736 (base 12) to base 6
-4510
Convert 173 (base 11) to base 12.
149
What is -265251 (base 7) in base 4?
-30023031
What is 484 (base 10) in base 2?
111100100
What is -30a (base 16) in base 6?
-3334
What is -1800 (base 16) in base 6?
-44240
What is -24230 (base 5) in base 7?
-5202
Convert -23 (base 5) to base 12.
-11
23b6 (base 12) to base 6
30350
What is -3553 (base 8) in base 12?
-1123
-146a1 (base 11) to base 10
-20802
-15438 (base 12) to base 3
-1112010222
1597 (base 10) to base 11
1222
What is -1010010001100 (base 2) in base 8?
-12214
145 (base 8) to base 4
1211
Convert -74ed (base 15) to base 4.
-12002230
1314 (base 6) to base 2
101001110
Convert 100011001001010 (base 2) to base 14.
67b4
100 (base 4) to base 5
31
Convert 110233 (base 4) to base 5.
20302
What is -48 (base 10) in base 14?
-36
What is -114 (base 9) in base 16?
-5e
-2311 (base 5) to base 15
-171
What is -246630 (base 7) in base 13?
-179a0
-1351554 (base 6) to base 12
-385ba
Convert 5a8c (base 13) to base 8.
30767
Convert 3b3 (base 16) to base 10.
947
What is 23022020 (base 4) in base 16?
b288
Convert 1c04 (base 15) to base 10.
6079
Convert 85aa (base 12) to base 2.
11100101010010
What is 1072 (base 8) in base 14?
2ca
Convert -829 (base 10) to base 16.
-33d
What is 18 (base 9) in base 4?
101
What is 200221022 (base 3) in base 2?
11010111101101
Convert -11101010 (base 2) to base 4.
-3222
What is -3444 (base 6) in base 4?
-30310
What is -627 (base 12) in base 9?
-1204
3be (base 15) to base 16
356
Convert -5ab (base 13) to base 2.
-1111011010
What is 4536 (base 7) in base 11?
1265
-10202122 (base 3) to base 13
-1331
908 (base 14) to base 7
5111
11000222 (base 3) to base 11
2235
-1650 (base 8) to base 12
-660
What is -95bb (base 13) in base 10?
-20772
What is -8148 (base 16) in base 2?
-1000000101001000
What is 102200222 (base 3) in base 16?
2153
1001101010010 (base 2) to base 14
1b34
Convert -7878 (base 15) to base 2.
-110001111000010
-10211211 (base 3) to base 7
-11113
What is -1590 (base 13) in base 16?
-c57
Convert -11014 (base 6) to base 13.
-901
-11126 (base 7) to base 4
-223331
Convert 3153 (base 8) to base 14.
855
What is -22002003 (base 4) in base 10?
-41091
What is -7731 (base 13) in base 7?
-66255
Convert -302302 (base 4) to base 3.
-11110101
-42665 (base 7) to base 2
-10100110000111
Convert 23412 (base 5) to base 15.
7a7
Convert 54353 (base 6) to base 11.
5695
Convert 1441000 (base 5) to base 2.
111100000011110
Convert 39a (base 11) to base 9.
574
6a2 (base 13) to base 16
47a
Convert 20456 (base 9) to base 2.
11010010111001
-12102022 (base 3) to base 16
-f6e
2138 (base 10) to base 5
32023
-130 (base 14) to base 12
-17a
What is 1247 (base 10) in base 15?
582
Convert -1501 (base 12) to base 8.
-4621
-2013 (base 7) to base 3
-221210
153 (base 16) to base 12
243
Convert 1217 (base 11) to base 5.
22331
-2302032 (base 5) to base 9
-62075
What is -4020 (base 7) in base 13?
-828
11110 (base 3) to base 10
120
3f22 (base 16) to base 9
24147
-4265 (base 16) to base 3
-212022112